17. Let b be m(-6). Let h = b - -26. Suppose -3*j + 4*j = -4*x + 123, -90 = -h*x - 3*j. What are the prime factors of x?
31
Suppose -25*n - 355 = -30*n. Suppose 50 + n = w. List the prime factors of w.
11
Let y(h) be the third derivative of -h**4/6 - h**3/3 - 3*h**2. Let x be y(-2). List the prime factors of 51*1/x*2.
17
Let a be (-1)/(-4) + 380/16. Let u(g) = 3*g - 59. What are the prime factors of u(a)?
13
Let q = -5320 + 7700. List the prime factors of q.
2, 5, 7, 17
Let s = -11 + -9. List the prime factors of ((-276)/s)/(4/20).
3, 23
Let i = -12 + 15. Suppose 0 = 2*f - 5*v - 65, f - 55 = -f + i*v. Suppose -15*x = -14*x - f. List the prime factors of x.
2, 5
Suppose -2*x + 2*u = 74, x - 67 = 3*x + 5*u. Let q = -16 - x. What are the prime factors of q?
2, 5
Let i(z) = z**3 - 5*z**2 + 4*z. Let s = -1 + 11. Let p(c) = -c**2 + 11*c - 5. Let y be p(s). List the prime factors of i(y).
2, 5
Let h = -61 + 62. List the prime factors of (24/(-20))/((-3)/260*h).
2, 13
Suppose 11*q + 176 = -5*q. Let d = q - -45. List the prime factors of d.
2, 17
Suppose 0 = -2*y, -m + y - 104 = -0*m. Let c = m + 186. What are the prime factors of c?
2, 41
Suppose -110 = 7*o - 215. List the prime factors of o.
3, 5
Let i = 40 - 28. Suppose 0 = 3*n - 5*l - 49, -i = -n - l + 7. Let s = n + -14. What are the prime factors of s?
2
Let p(v) = -4*v**2 + 4*v**3 + 57*v + 3 + 65*v - 119*v. Let u be (-1)/5 - (-22)/10. What are the prime factors of p(u)?
5
Suppose 0*i = -5*i - 10. List the prime factors of (3 - 380/4)/i.
2, 23
What are the prime factors of (-20)/24 + 43843/102?
3, 11, 13
Let l(z) = z**3 - z**2 - z + 249. Let p be l(0). Suppose 8*y = 9*y - p. Suppose -y + 74 = -5*i - 5*k, -4*k = -8. List the prime factors of i.
3, 11
Let d = -414 + 446. List the prime factors of d.
2
Suppose 3*l + q = -0*q + 1434, -5*l + 5*q + 2410 = 0. What are the prime factors of l?
479
Let j(w) = w**2 + 6. Let q be j(0). Let c be 3 + (2 - q) + 3. Suppose 4*l = 3*u + 109, -c*l - 2*u + 72 = -0*u. What are the prime factors of l?
31
What are the prime factors of (1337 - (12 + -9)) + 7?
3, 149
Suppose n - 57 = 2*a - 3, -n = -4*a - 58. What are the prime factors of n?
2, 5
Suppose 8*k - 259 = 221. Suppose 0 = -57*c + k*c - 384. What are the prime factors of c?
2
Let i be (-9 - -8)/(19/9 - 2). Suppose -4*c + 4*m + 91 = -13, 2*m = 3*c - 73. List the prime factors of 12*c/i*-1.
2, 7
Let g(a) = 2*a - 2. Let y be g(5). Let k(x) = x**2 - 3*x - 10. Let z be k(y). Let l = 54 - z. List the prime factors of l.
2, 3
Let u(m) = -42*m + 125. What are the prime factors of u(-6)?
13, 29
Let k be (-132)/(-28) + (-2)/(-7). Let q = 261 + -136. Suppose -k*s + 135 = 2*x + x, 4*s - x = q. List the prime factors of s.
2, 3, 5
Let n be 2/2*(1 - -2). Suppose -3*v + 2*q + 0 = -n, -15 = -2*v - 3*q. Suppose -v*b + 32 = -b. List the prime factors of b.
2
Let p = 207 + -199. Let s(m) be the second derivative of -m**4/12 + 11*m**3/6 + 3*m**2 - m. List the prime factors of s(p).
2, 3, 5
Suppose 6*q = 9*q + 5*i - 1540, -4*i = -5*q + 2505. What are the prime factors of q?
5, 101
Suppose -21*y = -1600 + 67. What are the prime factors of y?
73
Let i(c) = -2*c**2 - 55*c + 169. What are the prime factors of i(-25)?
2, 3, 7
Suppose 4 = 2*q - 0*q. Suppose -q*u = -u - 2. Suppose -4*t + u + 6 = 0, 5*t - 32 = -2*h. List the prime factors of h.
11
Let k(s) = s**2 + s - 1. Let f(z) = -z**3 - 12*z**2 - 10*z - 16. Let q(b) = -f(b) + 2*k(b). List the prime factors of q(-13).
3
Let y(o) be the second derivative of -101*o**5/20 + o**4/12 + o**3/6 + 3*o. What are the prime factors of y(-1)?
101
Suppose -h + 402 = -3*i, -4*i - 786 = -2*h - 7*i. Let o = -233 + h. List the prime factors of o.
163
Let g(p) = -p**2 + 14*p - 18. Let l be g(8). Let c = 86 - l. List the prime factors of c.
2, 7
Suppose 10*w - 7*w = 144. Let g = w - 28. Let y = g + 3. List the prime factors of y.
23
Let q be 6/(-3) - (-2 - 6). What are the prime factors of 441/q - (-30)/12?
2, 19
Let m be 2/(((-4)/695)/(-2)). Let l = 97 + m. List the prime factors of l/32 + 1/4.
5
Let g(o) be the third derivative of -o**6/24 + o**5/30 - o**3/6 - 12*o**2. Let w be g(-1). What are the prime factors of 294/9*w/4?
7
Let o be -1*(-4 - -3 - 2). Suppose 0*w - o*w + 70 = 5*f, -3*f - 3*w = -48. What are the prime factors of f?
11
Suppose 0 = -7*u + 10293 + 6122. List the prime factors of u.
5, 7, 67
Let q(i) = 52 - 2*i - 3*i - 15. What are the prime factors of q(-10)?
3, 29
Let v = 297 + -197. Suppose -v = 2*x - 7*x. What are the prime factors of x?
2, 5
Let g(t) = -t**2 + 15*t + 9. Let o be g(9). Let s be 18/7 + (-36)/o. List the prime factors of -40*(s + 44/(-16)).
2, 3, 5
Let d = -35 - -63. Suppose d = r - 40. List the prime factors of r.
2, 17
Suppose 4*y - 734 = m + m, 171 = y - 3*m. Suppose 18 = -4*n + y. List the prime factors of n.
2, 3, 7
Let z be ((-321)/6 - -2)/((-11)/(-22)). Let y = z - -219. What are the prime factors of y?
2, 29
Let c(z) be the first derivative of z**4/6 + 3*z**3/2 + 2*z**2 - 3*z - 3. Let x(b) be the first derivative of c(b). List the prime factors of x(-6).
2, 11
Let w(y) = -y**2 + 10*y - 3. Let s be w(5). Suppose -4*j + 10*t = 5*t + 84, 5*t - 52 = 2*j. Let f = j + s. What are the prime factors of f?
2, 3
Suppose -3*c - 5*o + 26 = 0, 0*o = 5*c + o - 36. Suppose -c*u + 198 + 61 = 0. List the prime factors of u.
37
Suppose -3*n - t + 5915 = 0, -4*n + 7870 = 81*t - 83*t. List the prime factors of n.
2, 5, 197
Suppose 0*v = -2*v + 34. Let y be ((-3 - 0) + -1)*27/(-4). Let o = y - v. List the prime factors of o.
2, 5
Suppose 2*w = -w + 3*g + 288, -g = -2*w + 197. Let p be (2/1)/((-16)/(-40)). Suppose 0*x + 5*v = -2*x + w, -p*x = -v - 239. What are the prime factors of x?
2, 3
Let c(r) = 2*r**3 - 13*r**2 + 7*r - 12. Let a be c(6). Let l(v) = 6*v + 3 - 4*v**2 + 0*v - v**3 - v**2. List the prime factors of l(a).
3
Let l(r) = -r + 45. Suppose -97 = -4*i - 1. List the prime factors of l(i).
3, 7
Suppose -2*w + 18 = 5*o + 3, 0 = -w + 4*o - 12. Suppose -2*l + 6 + 2 = w. Suppose -l*z + 38 = -50. What are the prime factors of z?
2, 11
Let j be -2 - 2*69/(-2). Suppose 5*x - 142 = -122. Suppose -5*r = 5*y - 85, -y + 4*r = x*y - j. What are the prime factors of y?
3, 5
Let m(x) = -x - 7. Let p be m(-7). Suppose p = 4*i - 330 + 86. Let u = i + -28. List the prime factors of u.
3, 11
Let a(x) = 8*x**2 - 18*x - 17. What are the prime factors of a(7)?
3, 83
Let n(a) = -a**2 - 8*a. Let d be n(-8). Suppose -3*t - t + 40 = d. Suppose -90 = 5*u - t*u. What are the prime factors of u?
2, 3
Suppose 4*q - 300 = f + 95, 120 = q + 4*f. Suppose 8*o - 3*o = -2*i + 135, -3*o - 5*i + q = 0. Suppose 2*w - 21 = o. What are the prime factors of w?
23
What are the prime factors of (1421 - 7)*(-3)/(-2)?
3, 7, 101
Let o(x) = 232*x + 6. What are the prime factors of o(2)?
2, 5, 47
Suppose -2*z = -4 - 4. Suppose -41 - 43 = -z*f. List the prime factors of f.
3, 7
Suppose 92 = 3*q - 727. What are the prime factors of q?
3, 7, 13
Let c be 22/8*(2 - -2). Let a = 48 + -44. Suppose 0 = c*s - 10*s - a. What are the prime factors of s?
2
Let j = 10 - -18. Let l(f) = f**3 - 4*f**2 + 2*f. Let p be l(3). Let c = j - p. What are the prime factors of c?
31
Let i(w) = -w**2 + 5*w - 6. Let l be i(4). Let b = 11 + l. Suppose 2*n + 2*v - b = 11, -n = -4*v - 35. What are the prime factors of n?
3, 5
Let k(q) = -5*q**3 - 5*q**2 - 9*q - 35. List the prime factors of k(-5).
2, 3, 5, 17
Let j(r) be the first derivative of r**4/4 + 13*r**3/3 + 7*r**2/2 + 4*r - 12. What are the prime factors of j(-11)?
13
What are the prime factors of 3/(-1)*491*6/(-18)?
491
Suppose k - s + 4*s - 380 = 0, 3*s - 6 = 0. What are the prime factors of k?
2, 11, 17
Let s(u) = 45*u + 20. Let v be s(8). Let w = -216 + v. List the prime factors of w.
2, 41
Suppose 0*c = -v - 2*c + 59, -4*c = 4*v - 216. Let s be 9/4 - 1/4. Suppose 2*p - 5*q = 4*p - v, 0 = s*p + q - 29. What are the prime factors of p?
2, 3
Suppose 0 = 2*t - 6 + 4. Let z be -4 - (0 + (1 - t)). Let i = 24 + z. What are the prime factors of i?
2, 5
Let m(y) = -y**2 - 20*y + 56. Let p be m(-23). List the prime factors of 3 + p/((-65)/1320).
3, 89
List the prime factors of 20/25*20450/40.
409
Suppose -3*l - 123 = -11181. What are the prime factors of l?
2, 19, 97
Let p be -1 + 4 + (38 - -2)